{"id":865,"date":"2021-12-06T20:35:55","date_gmt":"2021-12-06T19:35:55","guid":{"rendered":"http:\/\/lecollecton.com\/?page_id=865"},"modified":"2022-02-23T18:31:19","modified_gmt":"2022-02-23T17:31:19","slug":"les-docus","status":"publish","type":"page","link":"https:\/\/lecollecton.com\/index.php\/les-docus\/","title":{"rendered":"Les docus"},"content":{"rendered":"<h1 class=\"has-vivid-red-color has-text-color wp-block-heading\">Le prochain documentaire de Nos M\u00e9moires Vives<\/h1><figure class=\"wp-block-embed is-type-video is-provider-youtube wp-block-embed-youtube wp-embed-aspect-16-9 wp-has-aspect-ratio\"><div class=\"wp-block-embed__wrapper\">\n<iframe loading=\"lazy\" title=\"Bande annonce du film Aidant, aid\u00e9 : corps \u00e0 coeur engag\u00e9\" width=\"1170\" height=\"658\" src=\"https:\/\/www.youtube.com\/embed\/JJ3wPoTLGsQ?feature=oembed\" frameborder=\"0\" allow=\"accelerometer; autoplay; clipboard-write; encrypted-media; gyroscope; picture-in-picture; web-share\" referrerpolicy=\"strict-origin-when-cross-origin\" allowfullscreen><\/iframe>\n<\/div><\/figure><h1 class=\"has-vivid-red-color has-text-color wp-block-heading\">La playlist des docus de Nos M\u00e9moires Vives<\/h1><figure class=\"wp-block-embed is-type-video is-provider-youtube wp-block-embed-youtube wp-embed-aspect-16-9 wp-has-aspect-ratio\"><div class=\"wp-block-embed__wrapper\">\n<iframe loading=\"lazy\" title=\"Les Voix de Vulbens\" width=\"1170\" height=\"658\" src=\"https:\/\/www.youtube.com\/embed\/videoseries?list=PL53-W39BhjL2Tyc0AXWcFGDIKKOJ6RQNn\" frameborder=\"0\" allow=\"accelerometer; autoplay; clipboard-write; encrypted-media; gyroscope; picture-in-picture; web-share\" referrerpolicy=\"strict-origin-when-cross-origin\" allowfullscreen><\/iframe>\n<\/div><\/figure>","protected":false},"excerpt":{"rendered":"<p>Le prochain documentaire de Nos M\u00e9moires Vives La playlist des docus de Nos M\u00e9moires Vives<\/p>\n","protected":false},"author":1,"featured_media":0,"parent":0,"menu_order":0,"comment_status":"closed","ping_status":"closed","template":"","meta":{"footnotes":""},"class_list":["post-865","page","type-page","status-publish","hentry"],"_links":{"self":[{"href":"https:\/\/lecollecton.com\/index.php\/wp-json\/wp\/v2\/pages\/865","targetHints":{"allow":["GET"]}}],"collection":[{"href":"https:\/\/lecollecton.com\/index.php\/wp-json\/wp\/v2\/pages"}],"about":[{"href":"https:\/\/lecollecton.com\/index.php\/wp-json\/wp\/v2\/types\/page"}],"author":[{"embeddable":true,"href":"https:\/\/lecollecton.com\/index.php\/wp-json\/wp\/v2\/users\/1"}],"replies":[{"embeddable":true,"href":"https:\/\/lecollecton.com\/index.php\/wp-json\/wp\/v2\/comments?post=865"}],"version-history":[{"count":3,"href":"https:\/\/lecollecton.com\/index.php\/wp-json\/wp\/v2\/pages\/865\/revisions"}],"predecessor-version":[{"id":1320,"href":"https:\/\/lecollecton.com\/index.php\/wp-json\/wp\/v2\/pages\/865\/revisions\/1320"}],"wp:attachment":[{"href":"https:\/\/lecollecton.com\/index.php\/wp-json\/wp\/v2\/media?parent=865"}],"curies":[{"name":"wp","href":"https:\/\/api.w.org\/{rel}","templated":true}]}}