{"id":863,"date":"2021-12-06T20:35:55","date_gmt":"2021-12-06T19:35:55","guid":{"rendered":"http:\/\/lecollecton.com\/?page_id=863"},"modified":"2025-01-24T16:38:13","modified_gmt":"2025-01-24T15:38:13","slug":"la-carte-vivante","status":"publish","type":"page","link":"https:\/\/lecollecton.com\/index.php\/la-carte-vivante\/","title":{"rendered":"La carte vivante"},"content":{"rendered":"<p>Cette carte collaborative est aliment\u00e9e par les structures partenaires du Collecton ainsi<br>que par les citoyens collecteurs form\u00e9es par le Collecton ou nos parcours en pr\u00e9sentiel.<br>Cette carte est une version BETA en constante \u00e9volution.Elle est d\u00e9velopp\u00e9e en Creative<br>Commons BY-SA par <a href=\"https:\/\/github.com\/pixelhumain\/GoGoCarto\" target=\"_blank\" rel=\"noreferrer noopener\">gogocarto<\/a> en appui sur la carte\u00a0<a rel=\"noreferrer noopener\" href=\"https:\/\/presdecheznous.fr\/\" target=\"_blank\">Pr\u00e8s de Chez<\/a> nous\u00a0impuls\u00e9e par<br>Colibris.<br>N\u2019h\u00e9sitez pas \u00e0 devenir vous-m\u00eame coop\u00e9rateur, collecteurs.rices ou t\u00e9moins pour<br>compl\u00e9ter cette carte de milliers d\u2019histoires vivantes !<\/p><iframe loading=\"lazy\" src=\"https:\/\/globeconteur.org\/gogocarto\" width=\"100%\" height=\"1000\"><\/iframe><p><\/p>","protected":false},"excerpt":{"rendered":"<p>Cette carte collaborative est aliment\u00e9e par les structures partenaires du Collecton ainsique par les citoyens collecteurs form\u00e9es par le Collecton ou nos parcours en pr\u00e9sentiel.Cette carte est une version BETA en constante \u00e9volution.Elle est d\u00e9velopp\u00e9e en CreativeCommons BY-SA par gogocarto en appui sur la carte\u00a0Pr\u00e8s de Chez nous\u00a0impuls\u00e9e parColibris.N\u2019h\u00e9sitez pas \u00e0 devenir vous-m\u00eame coop\u00e9rateur, collecteurs.rices [&hellip;]<\/p>\n","protected":false},"author":1,"featured_media":0,"parent":0,"menu_order":0,"comment_status":"closed","ping_status":"closed","template":"","meta":{"footnotes":""},"class_list":["post-863","page","type-page","status-publish","hentry"],"_links":{"self":[{"href":"https:\/\/lecollecton.com\/index.php\/wp-json\/wp\/v2\/pages\/863","targetHints":{"allow":["GET"]}}],"collection":[{"href":"https:\/\/lecollecton.com\/index.php\/wp-json\/wp\/v2\/pages"}],"about":[{"href":"https:\/\/lecollecton.com\/index.php\/wp-json\/wp\/v2\/types\/page"}],"author":[{"embeddable":true,"href":"https:\/\/lecollecton.com\/index.php\/wp-json\/wp\/v2\/users\/1"}],"replies":[{"embeddable":true,"href":"https:\/\/lecollecton.com\/index.php\/wp-json\/wp\/v2\/comments?post=863"}],"version-history":[{"count":13,"href":"https:\/\/lecollecton.com\/index.php\/wp-json\/wp\/v2\/pages\/863\/revisions"}],"predecessor-version":[{"id":1666,"href":"https:\/\/lecollecton.com\/index.php\/wp-json\/wp\/v2\/pages\/863\/revisions\/1666"}],"wp:attachment":[{"href":"https:\/\/lecollecton.com\/index.php\/wp-json\/wp\/v2\/media?parent=863"}],"curies":[{"name":"wp","href":"https:\/\/api.w.org\/{rel}","templated":true}]}}