{"id":1132,"date":"2022-02-10T15:52:28","date_gmt":"2022-02-10T14:52:28","guid":{"rendered":"http:\/\/lecollecton.com\/?page_id=1132"},"modified":"2022-02-17T12:37:17","modified_gmt":"2022-02-17T11:37:17","slug":"histoires-denfants","status":"publish","type":"page","link":"https:\/\/lecollecton.com\/index.php\/histoires-denfants\/","title":{"rendered":"Souvenirs d&rsquo;enfants"},"content":{"rendered":"<h3 class=\"wp-block-heading\" id=\"la-photo-de-l-eclipse\">La photo de l&rsquo;\u00e9clipse<\/h3><p><iframe loading=\"lazy\" width=\"100%\" height=\"166\" scrolling=\"no\" frameborder=\"no\" allow=\"autoplay\" src=\"https:\/\/w.soundcloud.com\/player\/?url=https%3A\/\/api.soundcloud.com\/tracks\/1145391469&amp;color=%23ff5500&amp;auto_play=false&amp;hide_related=false&amp;show_comments=true&amp;show_user=true&amp;show_reposts=false&amp;show_teaser=true\"><\/iframe><\/p>\n<div style=\"font-size: 10px; color: #cccccc;line-break: anywhere;word-break: normal;overflow: hidden;white-space: nowrap;text-overflow: ellipsis; font-family: Interstate,Lucida Grande,Lucida Sans Unicode,Lucida Sans,Garuda,Verdana,Tahoma,sans-serif;font-weight: 100;\"><a href=\"https:\/\/soundcloud.com\/user-625072056\" title=\"GlobeConteur\" target=\"_blank\" style=\"color: #cccccc; text-decoration: none;\" rel=\"noopener\">GlobeConteur<\/a> \u00b7 <a href=\"https:\/\/soundcloud.com\/user-625072056\/la-photo-de-leclipse\" title=\"La photo de l'\u00e9clipse\" target=\"_blank\" style=\"color: #cccccc; text-decoration: none;\" rel=\"noopener\">La photo de l&rsquo;\u00e9clipse<\/a><\/div><p>Lucie raconte comment elle a pu observer l&rsquo;\u00e9clipse de soleil de 1999 gr\u00e2ce \u00e0 l&rsquo;ing\u00e9niosit\u00e9 de papy GUYVER. Et comment pour le remercier, les petits enfants l&rsquo;ont prise en photo\u2026 enfin presque.<\/p><h3 class=\"wp-block-heading\" id=\"les-betises-de-michelle-en-1944\">Les B\u00eatises de Michelle en 1944<\/h3><p>Quand j&rsquo;\u00e9tais petite, je faisais des b\u00eatises&nbsp;: pas des grosses b\u00eatises&nbsp;! C&rsquo;\u00e9tait pas m\u00e9chant&nbsp;! Mais j&rsquo;\u00e9tais tr\u00e8s maligne.<\/p><p>Dans le jardin de mon grand-p\u00e8re paternel, il y avait un cerisier qui faisait des grosses cerises noires, des bigarreaux. Un jour, j&rsquo;avais trois ans, mon grand-p\u00e8re \u00e9tait mont\u00e9 \u00e0 l&rsquo;\u00e9chelle pour en cueillir et je l&rsquo;avais suivie. J&rsquo;avais r\u00e9ussi \u00e0 monter, mais je ne savais pas comment redescendre. J&rsquo;\u00e9tais agripp\u00e9e \u00e0 un barreau, j&rsquo;avais peur et mon grand-p\u00e8re \u00e9tait bloqu\u00e9 en haut de son \u00e9chelle. Il a appel\u00e9 ma m\u00e8re pour qu&rsquo;elle vienne me chercher.<\/p><p>Aussi, quand mon grand-p\u00e8re mettait ses semis de salade en terre, je les ressortais&nbsp;! \u00ab&nbsp;Faut pas les mettre dans la terre&nbsp;! Elles vont \u00eatre sales&nbsp;\u00bb, je lui disais. <a href=\"https:\/\/globeconteur.org\/gogocarto\/#\/fiche\/Les-betises\/5ee882b8d585b400042415fc\/\">Lire la suite<\/a><\/p><h3 class=\"wp-block-heading\" id=\"notre-aventure-avec-la-2cv\">Notre aventure avec la 2CV<\/h3><p><iframe loading=\"lazy\" width=\"100%\" height=\"166\" scrolling=\"no\" frameborder=\"no\" allow=\"autoplay\" src=\"https:\/\/w.soundcloud.com\/player\/?url=https%3A\/\/api.soundcloud.com\/tracks\/1037684644&amp;color=%23ff5500&amp;auto_play=false&amp;hide_related=false&amp;show_comments=true&amp;show_user=true&amp;show_reposts=false&amp;show_teaser=true\"><\/iframe><\/p>\n<div style=\"font-size: 10px; color: #cccccc;line-break: anywhere;word-break: normal;overflow: hidden;white-space: nowrap;text-overflow: ellipsis; font-family: Interstate,Lucida Grande,Lucida Sans Unicode,Lucida Sans,Garuda,Verdana,Tahoma,sans-serif;font-weight: 100;\"><a href=\"https:\/\/soundcloud.com\/user-625072056\" title=\"GlobeConteur\" target=\"_blank\" style=\"color: #cccccc; text-decoration: none;\" rel=\"noopener\">GlobeConteur<\/a> \u00b7 <a href=\"https:\/\/soundcloud.com\/user-625072056\/notre-aventure-avec-la-2cv\" title=\"Notre aventure avec la 2CV\" target=\"_blank\" style=\"color: #cccccc; text-decoration: none;\" rel=\"noopener\">Notre aventure avec la 2CV<\/a><\/div><p>M\u00e8re et fille raconte leur v\u00e9cu quand leur 2CV \u00e9chappe \u00e0 leur contr\u00f4le en 1966\u2026<\/p><h3 class=\"wp-block-heading\" id=\"la-triplette-et-moi-au-milieu\">La Triplette et moi au milieu<\/h3><p><iframe loading=\"lazy\" width=\"100%\" height=\"166\" scrolling=\"no\" frameborder=\"no\" allow=\"autoplay\" src=\"https:\/\/w.soundcloud.com\/player\/?url=https%3A\/\/api.soundcloud.com\/tracks\/838155109&amp;color=%23ff5500&amp;auto_play=false&amp;hide_related=false&amp;show_comments=true&amp;show_user=true&amp;show_reposts=false&amp;show_teaser=true\"><\/iframe><\/p>\n<div style=\"font-size: 10px; color: #cccccc;line-break: anywhere;word-break: normal;overflow: hidden;white-space: nowrap;text-overflow: ellipsis; font-family: Interstate,Lucida Grande,Lucida Sans Unicode,Lucida Sans,Garuda,Verdana,Tahoma,sans-serif;font-weight: 100;\"><a href=\"https:\/\/soundcloud.com\/user-625072056\" title=\"GlobeConteur\" target=\"_blank\" style=\"color: #cccccc; text-decoration: none;\" rel=\"noopener\">GlobeConteur<\/a> \u00b7 <a href=\"https:\/\/soundcloud.com\/user-625072056\/annick-en-1936-a-nantes-la-triplette\" title=\"Annick en 1936 \u00e0 Nantes - La Triplette et moi au milieu\" target=\"_blank\" style=\"color: #cccccc; text-decoration: none;\" rel=\"noopener\">Annick en 1936 \u00e0 Nantes &#8211; La Triplette et moi au milieu<\/a><\/div><p>Annick raconte ses travers\u00e9es de Nantes en Triplette en 1936.<\/p><h3 class=\"wp-block-heading\" id=\"une-traversee-originale-de-la-frontiere-espagnole\">Une Travers\u00e9e Originale de la Fronti\u00e8re Espagnole<\/h3><p><iframe loading=\"lazy\" width=\"100%\" height=\"166\" scrolling=\"no\" frameborder=\"no\" allow=\"autoplay\" src=\"https:\/\/w.soundcloud.com\/player\/?url=https%3A\/\/api.soundcloud.com\/tracks\/285310664&amp;color=%23ff5500&amp;auto_play=false&amp;hide_related=false&amp;show_comments=true&amp;show_user=true&amp;show_reposts=false&amp;show_teaser=true\"><\/iframe><\/p>\n<div style=\"font-size: 10px; color: #cccccc;line-break: anywhere;word-break: normal;overflow: hidden;white-space: nowrap;text-overflow: ellipsis; font-family: Interstate,Lucida Grande,Lucida Sans Unicode,Lucida Sans,Garuda,Verdana,Tahoma,sans-serif;font-weight: 100;\"><a href=\"https:\/\/soundcloud.com\/nosmemoiresvives\" title=\"Nos M\u00e9moires Vives\" target=\"_blank\" style=\"color: #cccccc; text-decoration: none;\" rel=\"noopener\">Nos M\u00e9moires Vives<\/a> \u00b7 <a href=\"https:\/\/soundcloud.com\/nosmemoiresvives\/une-traversee-originale-de-la-frontiere-espagnole\" title=\"Une Travers\u00e9e Originale De La Fronti\u00e8re Espagnole\" target=\"_blank\" style=\"color: #cccccc; text-decoration: none;\" rel=\"noopener\">Une Travers\u00e9e Originale De La Fronti\u00e8re Espagnole<\/a><\/div><h3 class=\"wp-block-heading\" id=\"l-avaleur-de-grenouille\">L&rsquo;avaleur de Grenouille<\/h3><div style=\"padding:56.25% 0 0 0;position:relative;\"><iframe src=\"https:\/\/player.vimeo.com\/video\/236853187?h=f975c249b1&amp;badge=0&amp;autopause=0&amp;player_id=0&amp;app_id=58479\" frameborder=\"0\" allow=\"autoplay; fullscreen; picture-in-picture\" allowfullscreen=\"\" style=\"position:absolute;top:0;left:0;width:100%;height:100%;\" title=\"Juliette et Madeleine (1943) L&amp;#039;avaleur de grenouilles\"><\/iframe><\/div>\n<p><script src=\"https:\/\/player.vimeo.com\/api\/player.js\"><\/script><\/p><p>Juliette et Madeleine nous raconte le plaisir qu&rsquo;elles avaient \u00e0 aller voir l&rsquo;avaleur de Grenouille place du Duchesse Anne  \u00e0 Nantes. (1943).<\/p><h3 class=\"wp-block-heading\" id=\"mon-aventure-a-l-arret-de-tramway\">Mon aventure \u00e0 l&rsquo;arr\u00eat de Tramway<\/h3><div style=\"padding:56.25% 0 0 0;position:relative;\"><iframe src=\"https:\/\/player.vimeo.com\/video\/207082812?h=397ec8de20&amp;badge=0&amp;autopause=0&amp;player_id=0&amp;app_id=58479\" frameborder=\"0\" allow=\"autoplay; fullscreen; picture-in-picture\" allowfullscreen=\"\" style=\"position:absolute;top:0;left:0;width:100%;height:100%;\" title=\"Juliette (1943) Mon aventure &amp;agrave; l&amp;rsquo;arr&amp;ecirc;t de tramway de Dalby\"><\/iframe><\/div>\n<p><script src=\"https:\/\/player.vimeo.com\/api\/player.js\"><\/script><\/p><p>Juliette avait 8 ans. Quand les Wattmans allaient prendre le caf\u00e9, le tramway devenait une aire de jeu.(1943)<\/p>","protected":false},"excerpt":{"rendered":"<p>La photo de l&rsquo;\u00e9clipse Lucie raconte comment elle a pu observer l&rsquo;\u00e9clipse de soleil de 1999 gr\u00e2ce \u00e0 l&rsquo;ing\u00e9niosit\u00e9 de papy GUYVER. Et comment pour le remercier, les petits enfants l&rsquo;ont prise en photo\u2026 enfin presque. Les B\u00eatises de Michelle en 1944 Quand j&rsquo;\u00e9tais petite, je faisais des b\u00eatises&nbsp;: pas des grosses b\u00eatises&nbsp;! C&rsquo;\u00e9tait pas [&hellip;]<\/p>\n","protected":false},"author":1,"featured_media":0,"parent":0,"menu_order":0,"comment_status":"closed","ping_status":"closed","template":"","meta":{"footnotes":""},"class_list":["post-1132","page","type-page","status-publish","hentry"],"_links":{"self":[{"href":"https:\/\/lecollecton.com\/index.php\/wp-json\/wp\/v2\/pages\/1132","targetHints":{"allow":["GET"]}}],"collection":[{"href":"https:\/\/lecollecton.com\/index.php\/wp-json\/wp\/v2\/pages"}],"about":[{"href":"https:\/\/lecollecton.com\/index.php\/wp-json\/wp\/v2\/types\/page"}],"author":[{"embeddable":true,"href":"https:\/\/lecollecton.com\/index.php\/wp-json\/wp\/v2\/users\/1"}],"replies":[{"embeddable":true,"href":"https:\/\/lecollecton.com\/index.php\/wp-json\/wp\/v2\/comments?post=1132"}],"version-history":[{"count":14,"href":"https:\/\/lecollecton.com\/index.php\/wp-json\/wp\/v2\/pages\/1132\/revisions"}],"predecessor-version":[{"id":1234,"href":"https:\/\/lecollecton.com\/index.php\/wp-json\/wp\/v2\/pages\/1132\/revisions\/1234"}],"wp:attachment":[{"href":"https:\/\/lecollecton.com\/index.php\/wp-json\/wp\/v2\/media?parent=1132"}],"curies":[{"name":"wp","href":"https:\/\/api.w.org\/{rel}","templated":true}]}}